16 (base 16) to base 14.
18
What is -302 (base 7) in base 12?
-105
Convert -7 (base 12) to base 3.
-21
What is 111 (base 3) in base 2?
1101
What is 10 (base 10) in base 9?
11
-13 (base 10) to base 6
-21
55 (base 7) to base 16
28
-9b (base 12) to base 7
-230
3 (base 7) to base 14
3
-1 (base 12) to base 10
-1
Convert -10101 (base 2) to base 4.
-111
What is -15 (base 7) in base 14?
-c
Convert 4 (base 13) to base 2.
100
What is 111 (base 4) in base 8?
25
Convert 2b (base 16) to base 6.
111
-11002 (base 4) to base 7
-640
Convert -22 (base 14) to base 16.
-1e
3 (base 9) to base 15
3
351 (base 9) to base 7
562
What is 1 (base 15) in base 7?
1
What is 28 (base 13) in base 9?
37
Convert 16 (base 14) to base 15.
15
Convert 2 (base 13) to base 4.
2
-2 (base 9) to base 5
-2
Convert 13 (base 16) to base 4.
103
Convert 35 (base 13) to base 12.
38
What is c (base 14) in base 8?
14
What is 4 (base 10) in base 2?
100
Convert -3 (base 8) to base 14.
-3
Convert -14 (base 10) to base 16.
-e
7 (base 16) to base 10
7
10 (base 4) to base 6
4
Convert 1 (base 12) to base 6.
1
Convert -112 (base 3) to base 7.
-20
What is 6 (base 13) in base 2?
110
-1111110 (base 2) to base 7
-240
Convert 0 (base 16) to base 6.
0
Convert -3 (base 13) to base 9.
-3
-4 (base 8) to base 16
-4
Convert -120 (base 3) to base 12.
-13
Convert 44 (base 6) to base 14.
20
-3 (base 15) to base 4
-3
-11000 (base 2) to base 11
-22
-d (base 16) to base 8
-15
Convert -a (base 16) to base 10.
-10
Convert -2 (base 9) to base 6.
-2
Convert -2 (base 15) to base 4.
-2
What is -241 (base 8) in base 16?
-a1
What is -12201 (base 3) in base 5?
-1104
Convert -234 (base 5) to base 12.
-59
-43 (base 7) to base 9
-34
-1 (base 5) to base 7
-1
Convert 2 (base 6) to base 9.
2
What is 12012 (base 3) in base 9?
165
What is -17 (base 12) in base 11?
-18
What is -14 (base 9) in base 11?
-12
Convert -111 (base 3) to base 16.
-d
What is -1111 (base 4) in base 12?
-71
Convert 1a (base 14) to base 16.
18
What is 70 (base 9) in base 2?
111111
What is 2e (base 15) in base 16?
2c
Convert -75 (base 13) to base 16.
-60
What is 32 (base 5) in base 11?
16
Convert -2 (base 8) to base 9.
-2
31 (base 10) to base 13
25
3 (base 4) to base 16
3
What is 62 (base 9) in base 15?
3b
What is -200 (base 3) in base 8?
-22
What is 10001 (base 3) in base 9?
101
What is -42 (base 11) in base 12?
-3a
What is -14 (base 7) in base 5?
-21
What is 38 (base 9) in base 8?
43
136 (base 7) to base 6
204
-13 (base 4) to base 14
-7
What is -b1 (base 12) in base 16?
-85
1 (base 11) to base 7
1
What is 0 (base 15) in base 5?
0
Convert 5 (base 12) to base 7.
5
3 (base 6) to base 9
3
Convert 6 (base 13) to base 10.
6
What is -24 (base 9) in base 13?
-19
Convert 101101 (base 2) to base 3.
1200
Convert 5 (base 7) to base 11.
5
What is 0 (base 8) in base 15?
0
What is -3 (base 8) in base 4?
-3
What is -17 (base 9) in base 10?
-16
Convert -6 (base 11) to base 14.
-6
Convert 42 (base 6) to base 7.
35
What is 22 (base 4) in base 10?
10
-31 (base 4) to base 14
-d
What is 111 (base 3) in base 10?
13
What is d (base 16) in base 15?
d
-4 (base 10) to base 7
-4
Convert -95 (base 10) to base 8.
-137
Convert 49 (base 13) to base 4.
331
2 (base 12) to base 3
2
What is 10 (base 5) in base 14?
5
Convert 3 (base 11) to base 12.
3
Convert 4 (base 11) to base 3.
11
-4 (base 16) to base 4
-10
-21 (base 6) to base 14
-d
Convert -40 (base 13) to base 8.
-64
Convert 101011011 (base 2) to base 12.
24b
-3 (base 10) to base 8
-3
Convert 2 (base 11) to base 8.
2
What is 4 (base 6) in base 12?
4
-27 (base 11) to base 9
-32
1 (base 8) to base 6
1
Convert -7 (base 15) to base 16.
-7
6 (base 7) to base 2
110
Convert -1111 (base 2) to base 12.
-13
5c (base 16) to base 3
10102
-2a (base 15) to base 3
-1111
-1103 (base 5) to base 8
-231
22 (base 4) to base 2
1010
Convert 17 (base 15) to base 12.
1a
What is -3 (base 5) in base 9?
-3
-168 (base 15) to base 8
-503
Convert 14 (base 7) to base 3.
102
Convert -b (base 16) to base 2.
-1011
What is -45 (base 12) in base 10?
-53
-a3 (base 15) to base 5
-1103
Convert -4 (base 11) to base 2.
-100
Convert -4 (base 13) to base 6.
-4
What is -11 (base 5) in base 16?
-6
Convert 71 (base 12) to base 11.
78
Convert -10 (base 3) to base 12.
-3
What is -6 (base 9) in base 10?
-6
-2 (base 16) to base 6
-2
What is -2b (base 12) in base 7?
-50
What is 1 (base 7) in base 12?
1
3 (base 10) to base 13
3
Convert 3 (base 7) to base 14.
3
Convert -2 (base 7) to base 8.
-2
121 (base 3) to base 8
20
What is -1 (base 8) in base 9?
-1
What is 26 (base 14) in base 9?
37
Convert 23 (base 4) to base 12.
b
Convert 44 (base 12) to base 2.
110100
What is 100 (base 4) in base 8?
20
1 (base 15) to base 10
1
What is 1 (base 9) in base 4?
1
-90 (base 16) to base 4
-2100
What is -34 (base 11) in base 12?
-31
What is 176 (base 15) in base 9?
413
-366 (base 7) to base 3
-21020
What is 1 (base 10) in base 15?
1
What is 71 (base 11) in base 3?
2220
4 (base 9) to base 5
4
What is -b (base 12) in base 2?
-1011
What is 3 (base 8) in base 3?
10
What is 3 (base 12) in base 8?
3
What is 4 (base 11) in base 4?
10
Convert -50 (base 8) to base 3.
-1111
What is -115 (base 7) in base 9?
-67
Convert -20 (base 8) to base 4.
-100
21 (base 4) to base 9
10
10011011 (base 2) to base 12
10b
What is -2 (base 15) in base 3?
-2
Convert 6 (base 15) to base 7.
6
-41 (base 8) to base 4
-201
Convert -5 (base 8) to base 2.
-101
-10010001 (base 2) to base 16
-91
What is -10 (base 13) in base 3?
-111
Convert 1 (base 16) to base 6.
1
Convert -6 (base 14) to base 16.
-6
What is -8 (base 15) in base 2?
-1000
100211 (base 3) to base 13
175
Convert 0 (base 13) to base 9.
0
What is 8 (base 11) in base 12?
8
-7 (base 10) to base 9
-7
Convert 6 (base 13) to base 14.
6
Convert 21 (base 3) to base 4.
13
Convert 4 (base 15) to base 11.
4
Convert 12 (base 5) to base 2.
111
1200 (base 4) to base 5
341
5 (base 9) to base 15
5
3 (base 11) to base 13
3
What is -100 (base 2) in base 6?
-4
Convert 1020 (base 4) to base 14.
52
-2 (base 6) to base 10
-2
What is 4 (base 9) in base 8?
4
What is -111 (base 2) in base 8?
-7
Convert -255 (base 11) to base 9.
-365
What is 2 (base 5) in base 2?
10
What is -2 (base 6) in base 11?
-2
What is 5 (base 7) in base 6?
5
1b6 (base 12) to base 7
552
4 (base 13) to base 12
4
Convert -a (base 11) to base 16.
-a
Convert 1 (base 7) to base 3.
1
Convert -6c (base 13) to base 16.
-5a
-12 (base 16) to base 2
-10010
Convert 442 (base 5) to base 8.
172
What is -2 (base 14) in base 11?
-2
Convert 253 (base 10) to base 6.
1101
What is -2 (base 15) in base 12?
-2
-41 (base 8) to base 16
-21
4 (base 6) to base 15
4
-3 (base 8) to base 9
-3
Convert -1 (base 5) to base 16.
-1
What is 10220 (base 4) in base 13?
19a
What is 4 (base 9) in base 4?
10
Convert -7 (base 13) to base 16.
-7
Convert -17 (base 12) to base 15.
-14
Convert 12 (base 13) to base 10.
15
What is 42 (base 11) in base 9?
51
Convert 1001 (base 3) to base 5.
103
What is 11 (base 6) in base 10?
7
Convert 18 (base 9) to base 12.
15
What is -10 (base 8) in base 3?
-22
1f (base 16) to base 7
43
What is 20 (base 13) in base 4?
122
Convert -111 (base 2) to base 14.
-7
Convert 66 (base 11) to base 4.
1020
What is -41 (base 5) in base 9?
-23
Convert -2 (base 7) to base 9.
-2
What is -5 (base 7) in base 16?
-5
Convert 10011001 (base 2) to base 15.
a3
35 (base 6) to base 10
23
24 (base 8) to base 4
110
What is -187 (base 13) in base 16?
-118
What is 43 (base 16) in base 6?
151
What is -5 (base 6) in base 15?
-5
What is 331 (base 5) in base 13?
70
What is -5 (base 6) in base 4?
-11
What is -38 (base 15) in base 2?
-110101
-37 (base 15) to base 6
-124
Convert 226 (base 7) to base 16.
76
0 (base 9) to base 13
0
23 (base 7) to base 13
14
What is -7 (base 14) in base 7?
-10
What is aa (base 11) in base 15?
80
3 (base 9) to base 10
3
-2e (base 16) to base 13
-37
0 (base 4) to base 3
0
What is -25 (base 9) in base 7?
-32
What is -50 (base 9) in base 8?
-55
-3 (base 10) to base 11
-3
Convert 4 (base 5) to base 14.
4
What is 5 (base 14) in base 2?
101
What is 1 (base 9) in base 7?
1
-34 (base 5) to base 15
-14
Convert 53 (base 6) to base 2.
100001
What is -6a (base 12) in base 9?
-101
Convert -3 (base 11) to base 5.
-3
What is 60 (base 8) in base 13?
39
What is -7 (base 